, what is 2330 + 1?
2331
In base 3, what is 2102011 - -11?
2102022
In base 11, what is 386 + 5?
390
In base 12, what is -1a - -2a3?
285
In base 9, what is -4 + -83?
-87
In base 12, what is 5 - 506?
-501
In base 8, what is 14 + -367?
-353
In base 3, what is -11120100 - 10?
-11120110
In base 15, what is -6c69 - 1?
-6c6a
In base 8, what is -7436 - -3?
-7433
In base 15, what is -44 - -52?
d
In base 12, what is 247 + 5?
250
In base 9, what is 648 + 11?
660
In base 15, what is 65b + -1?
65a
In base 11, what is 26 + -162?
-137
In base 4, what is -23 - 32010?
-32033
In base 11, what is 74 + -70?
4
In base 4, what is 2122 - 3?
2113
In base 6, what is 21 - 3234?
-3213
In base 5, what is -2 - 1111?
-1113
In base 4, what is -31 - -13020?
12323
In base 15, what is 116 - -4?
11a
In base 10, what is 69 + -3?
66
In base 5, what is -1202 + 1?
-1201
In base 2, what is 101 + -100011000101?
-100011000000
In base 13, what is -3 + -21?
-24
In base 4, what is -100 - -22023?
21323
In base 9, what is 22 - 72?
-50
In base 5, what is -141 + 4?
-132
In base 5, what is -1 - 2021?
-2022
In base 4, what is 13 + -2103?
-2030
In base 7, what is 53 - 50?
3
In base 6, what is -100 - 11?
-111
In base 8, what is -542 - -1?
-541
In base 13, what is -5 + -81?
-86
In base 9, what is -13534 + -1?
-13535
In base 15, what is -16 + -7?
-1d
In base 16, what is 3 - 142?
-13f
In base 16, what is 18 - 7?
11
In base 2, what is 101100 - -111?
110011
In base 9, what is -133 + 1?
-132
In base 11, what is 519 - 2?
517
In base 9, what is 34 - -8?
43
In base 6, what is -1520 - 3?
-1523
In base 9, what is 181 + 5?
186
In base 9, what is 3 - 20?
-16
In base 3, what is 11 + 101002?
101020
In base 7, what is 3 + 3?
6
In base 16, what is -64 - 3?
-67
In base 15, what is -6 + -2?
-8
In base 12, what is -3 - 46?
-49
In base 12, what is 0 - 22b?
-22b
In base 9, what is 8 + -8?
0
In base 14, what is 2 - -2?
4
In base 11, what is -102 - 11?
-113
In base 15, what is c9 - 1?
c8
In base 10, what is 529 - 0?
529
In base 14, what is -41 - -1?
-40
In base 9, what is 12 - 153?
-141
In base 11, what is -2 - -54?
52
In base 16, what is -182 + c?
-176
In base 4, what is 11 - 111113?
-111102
In base 16, what is bd + -3?
ba
In base 14, what is -1 - -40?
3d
In base 13, what is -27 + -c5?
-11c
In base 2, what is 100 - -1111?
10011
In base 3, what is -10 + 2120?
2110
In base 12, what is 38 + -37?
1
In base 6, what is -143 + 1?
-142
In base 13, what is 39 - 5?
34
In base 8, what is 377 - -6?
405
In base 14, what is 20c - 2?
20a
In base 5, what is 122 + 2?
124
In base 4, what is -2 - -320232?
320230
In base 3, what is -20001200 + 12?
-20001111
In base 14, what is -1 - -a6?
a5
In base 13, what is -160 + 4?
-159
In base 12, what is 2a0 + -3?
299
In base 2, what is -111110 - -1011001?
11011
In base 13, what is 68 + -5?
63
In base 3, what is 0 - -112?
112
In base 10, what is -1 + 3160?
3159
In base 4, what is 11 + -321?
-310
In base 3, what is -20201 + -120?
-21021
In base 12, what is ba + 3?
101
In base 4, what is 11210 + -3?
11201
In base 7, what is 303 - 5?
265
In base 16, what is 0 + -4b?
-4b
In base 3, what is -2002 - 2?
-2011
In base 13, what is 3c3a + -4?
3c36
In base 7, what is -6 - 50?
-56
In base 5, what is -422021 - -1?
-422020
In base 11, what is 6 - 6?
0
In base 14, what is -1 + -c5?
-c6
In base 8, what is 2 + -422?
-420
In base 8, what is 35 - -55?
112
In base 7, what is 5 + 603?
611
In base 15, what is 3 + -20c?
-209
In base 3, what is 11 + -2101220?
-2101202
In base 12, what is -14b + -15?
-164
In base 2, what is -100001 + 11000?
-1001
In base 13, what is -2 - 8a?
-8c
In base 11, what is -1 + -90?
-91
In base 9, what is 12 + -12?
0
In base 12, what is -4 + 46?
42
In base 5, what is 213032 + 10?
213042
In base 2, what is 1011 - -1101101?
1111000
In base 7, what is 6 - -46?
55
In base 5, what is -144 - 3?
-202
In base 7, what is -5 - -1462?
1454
In base 15, what is -11c - 5?
-122
In base 8, what is 21 - 2?
17
In base 2, what is -1101110000 + -10?
-1101110010
In base 15, what is -c6 + 4?
-c2
In base 6, what is 31 - -434?
505
In base 8, what is 203 - 14?
167
In base 11, what is -584 + 0?
-584
In base 14, what is -23 + -5?
-28
In base 4, what is -31103 + 2?
-31101
In base 11, what is 10 - -24?
34
In base 15, what is -3 - a?
-d
In base 8, what is 2 + -201?
-177
In base 11, what is 1977 + 4?
1980
In base 7, what is -112 + 10?
-102
In base 12, what is 4 + 18?
20
In base 4, what is 110003 + -21?
103322
In base 14, what is -101c3 - -2?
-101c1
In base 13, what is -1 - -1?
0
In base 2, what is 10000011 - -10?
10000101
In base 10, what is 12115 + -1?
12114
In base 11, what is 14 + 21?
35
In base 14, what is -294 - 1?
-295
In base 4, what is 2011233 + -10?
2011223
In base 11, what is 6 + -13?
-8
In base 16, what is -4 + -26?
-2a
In base 6, what is 14 - -120?
134
In base 4, what is -123 + 1?
-122
In base 6, what is 21 + -403?
-342
In base 6, what is -3 + -10?
-13
In base 4, what is 21221 - -10?
21231
In base 9, what is -148 - 0?
-148
In base 2, what is 100 - -1001111001101?
1001111010001
In base 7, what is -3 + 30?
24
In base 15, what is bb - -10?
cb
In base 9, what is -5 + 72?
66
In base 13, what is a - -20?
2a
In base 12, what is -326 + 1?
-325
In base 9, what is 8 - 5?
3
In base 4, what is 0 - -230230?
230230
In base 14, what is a8 - -6?
b0
In base 12, what is 380 - -2?
382
In base 3, what is 111 + 2?
120
In base 9, what is -2070 + 3?
-2066
In base 8, what is -20 - 37?
-57
In base 16, what is -1b3 - c?
-1bf
In base 9, what is 1820 + 0?
1820
In base 3, what is -12 - 1100?
-1112
In base 5, what is -32401 - -10?
-32341
In base 9, what is 5 + -22?
-16
In base 16, what is -10 + 3?
-d
In base 5, what is 0 - -21?
21
In base 4, what is -11230 - 3?
-11233
In base 12, what is 4 + -21?
-19
In base 8, what is 26 - -2?
30
In base 4, what is 31 + -2112?
-2021
In base 14, what is -12 - 8?
-1a
In base 3, what is -2 + -10012?
-10021
In base 12, what is -53 + -7?
-5a
In base 3, what is -2 + -1201?
-1210
In base 9, what is -2 + 760?
757
In base 15, what is 799 + 1?
79a
In base 4, what is -323 - 2?
-331
In base 3, what is 11 + 21?
102
In base 7, what is -3 + -62?
-65
In base 6, what is -51135 + 1?
-51134
In base 13, what is -4 - 663?
-667
In base 6, what is 41 + 30?
111
In base 14, what is 4 - 33?
-2d
In base 5, what is 220324 - -4?
220333
In base 13, what is 2 + 4c3?
4c5
In base 7, what is -152 + -22?
-204
In base 16, what is -217 - -1?
-216
In base 11, what is 91 + 23?
104
In base 4, what is 3 + 1?
10
In base 10, what is 83 - 32?
51
In base 8, what is -13 + -31?
-44
In base 15, what is 68 - 5?
63
In base 7, what is -320 - -221?
-66
In base 11, what is 770 + -3?
768
In base 14, what is -498 + -11?
-4a9
In base 4, what is 301 + 21?
322
In base 14, what is -5 - -246?
241
In base 9, what is -43 + -3?
-46
In base 11, what is 1 - 3102?
-3101
In base 8, what is -3 + -123?
-126
In base 6, what is -1032 + 14?
-1014
In base 4, what is -1001 - -31?
-310
In base 5, what is -3141 - -3?
-3133
In base 2, what is -1010 + 1010?
0
In base 5, what is -2 - 104423?
-104430
In base 6, what is -2 + 23?
21
In base 15, what is 35 + -30?
5
In base 13, what is -28c + -16?
-2a5
In base 4, what is 2311 - -2?
2313
In base 5, what is 2 - 221?
-214
In base 16, what is f11 - -3?
f14
In base 2, what is 110001 - 1011?
100110
In base 8, what is 2444 - 7?
2435
In base 13, what is 6 - 1019?
-1013
In base 15, what is -3 + 13?
10
In base 2, what is -11 - 11111110000?
-11111110011
In base 10, what is 6 - -4?
10
In base 4, what is -32 - 2013?
-2111
In base 8, what is 3 + 221?
224
In base 15, what is 7 - -ab?
b3
In base 16, what is 499 + 5?
49e
In base 7, what is -5 - 636?
-644
In base 7, what is -551 + 12?
-536
In base 5, what is -24400 - -2?
-24343
In base 4, what is 1010 - -222?
1232
In base 6, what is 2 - 53?
-51
In base 10, what is -26465 - -1?
-26464
In base 10, what is 12460 - -1?
12461
In base 5, what is 0 + 3110?
3110
In base 2, what is 1 - -1010100?
1010101
In base 5, what is 4 + -34002?
-33443
In base 6, what is -1205 + 15?
-1150
In base 9, what is 8 - 20?
-11
In base 4, what is 3 + 11003?
11012
In base 16, what is -4 + 5e0?
5dc
In base 3, what is 2 + -101000012?
-101000010
In base 2, what is -100110000 - 10100?
-101000100
In base 2, what is -11010101 + 100?
-11010001